rime factors of t*(3 + 0)*2?
2, 3
Let o = 30 + -1. List the prime factors of o.
29
Suppose 0 = -2*r + 4*r. Suppose 2*p = -c + p + 16, r = -2*c - 4*p + 28. What are the prime factors of c?
2, 3
Let d be (11 - 11)/(2/(-1)). Suppose o + 0*o - 16 = d. What are the prime factors of o?
2
Let o(x) = x - 1 + 0 - 6*x + 4. List the prime factors of o(-3).
2, 3
Let c(v) = -2*v - 6. Let x be c(-4). Suppose -8 = -n + x*n. Let i(u) = -u**2 - 8*u + 9. List the prime factors of i(n).
3
Let u = -8 - -13. Suppose c = u*c - 20. Let q = c + -1. What are the prime factors of q?
2
Let d(y) = -y**3 + 7*y**2 + 10*y + 1. What are the prime factors of d(8)?
17
Suppose -4*q = -3*l + 1178, -2*l - 5*q + 598 = -172. List the prime factors of l.
2, 3, 5, 13
Let k(d) = -23*d**3 - 2*d**2 - 10*d - 3. List the prime factors of k(-2).
193
Let g(k) = -3*k. Let i be g(-1). Let j(r) = 2*r**3 - 2*r**3 + r**2 + 0*r**2 + r + 1 - 2*r**i. What are the prime factors of j(-2)?
19
Let n = 0 - -12. Let o be (6/n)/(1/26). Suppose 0 = -0*b + 3*b - c - 8, 0 = -5*b + 2*c + o. List the prime factors of b.
3
Let d(u) = u**2 - 1. Let f be d(1). Suppose f*n = -2*n + 28. What are the prime factors of n?
2, 7
Let d(s) = -2*s - 2. Let l(j) = -7*j - 6. Let h(f) = 8*d(f) - 3*l(f). What are the prime factors of h(5)?
3
Suppose z + 702 + 1168 = 5*a, -2*z = 3*a - 1109. What are the prime factors of a?
373
Let b(s) be the second derivative of 0 + 2*s + 13/2*s**2 + 1/6*s**3. List the prime factors of b(-6).
7
Let j(k) = k**3 + 11*k**2 + 9*k. Let n be (-27)/6*(-10)/(-3). Let a = n - -5. What are the prime factors of j(a)?
2, 5
Let b(x) be the second derivative of 1/2*x**2 - 1/3*x**3 + 0 + 1/12*x**4 - 3*x. What are the prime factors of b(4)?
3
Let l(h) = h**3 - h. Let s(a) = 29*a**3 + 3*a - 1. Let b(o) = -4*l(o) - s(o). List the prime factors of b(-1).
3, 11
Let y(s) = s**3 - 3*s**2 + 2*s. List the prime factors of y(4).
2, 3
List the prime factors of 30 + (-2)/(-1) + -1.
31
Let f(i) = -i**3 + 7*i**2 + 11*i - 7. List the prime factors of f(7).
2, 5, 7
Let k(x) = x**3 - 5*x**2 + 3*x - 5. Let i be k(4). Let u = -1 - i. List the prime factors of u.
2
Let c(a) = a**2 + a + 4. Suppose 5*j = 2*j. List the prime factors of c(j).
2
Let a(h) be the first derivative of -4*h + 2*h**2 - 1 + 3 + 0. List the prime factors of a(4).
2, 3
Let a(i) = -9*i**3 - 2*i**2 + 2. What are the prime factors of a(-2)?
2, 3, 11
Let k be 1*(3 - -41)/4. Suppose 4*v - k = y, 3*y = -v + 10 + 22. List the prime factors of y.
3
Let r(x) be the third derivative of x**6/120 - 7*x**5/60 + x**4/24 + 3*x**3/2 - 2*x**2. What are the prime factors of r(7)?
2
Suppose 0 = -5*k + 22 + 3. Suppose w = k*w - 108. List the prime factors of w.
3
List the prime factors of (0 + 4/4)*17.
17
Let c(a) be the second derivative of a**3/3 - 3*a**2 + 3*a. Let z be c(4). Suppose g = 8 + z. What are the prime factors of g?
2, 5
Let i(j) = j**2 - 2*j + 1. Let b be i(1). Suppose 2*m - 34 = -b*m. What are the prime factors of m?
17
Suppose 3*p + 5*z - 13 - 21 = 0, z = 4*p - 7. Suppose -j = -p*j + 10. Suppose -37 = -4*d + 3*d + 3*h, 4*d = j*h + 113. What are the prime factors of d?
2, 11
Suppose -6 = -x - 3. Suppose 10 = x*u + d, -d + 6 = -u + d. List the prime factors of u.
2
Let p be 4/(-20) + 22/10. Suppose 2*m + 2*m - 6 = -p*k, -2*k = m + 6. List the prime factors of m.
2
Suppose -4*p + 5*p - 59 = 0. What are the prime factors of p?
59
Let b(x) = -20*x - 18. What are the prime factors of b(-3)?
2, 3, 7
Let n(y) = -2 + 3*y**3 - 1 + 4 + 0*y**3 - y - y**2. Let j be n(1). Suppose 2*x = 8 - j. List the prime factors of x.
3
List the prime factors of 598/3 + 6/(-18).
199
Let t(s) = 2*s**2 - 8. List the prime factors of t(4).
2, 3
Suppose 3*u + 4*c = 34, -4*c - 14 = u - 9*c. Suppose 0 = -b - 2*b + u. Suppose 3*r = -6, -18 = -b*n + n + 2*r. What are the prime factors of n?
2, 7
Suppose -6*v + 25 = -v. Let j = v - 2. Suppose -2*c - 3*c + j*g = -16, 5*c = g + 12. List the prime factors of c.
2
Let s(i) = 3*i - 6. Let c be s(3). Suppose 0 = c*a - 6 - 24. List the prime factors of a.
2, 5
Suppose 2*r + 1 = 5. What are the prime factors of r?
2
Let b(t) = -t**2 + t. Suppose 5*g - 4*g = 0. Let c be b(g). Suppose 4*m - 5*x = c, 0*m - 4*m + 2*x + 12 = 0. List the prime factors of m.
5
Let s(c) = 330*c**2 + 3*c - 3. What are the prime factors of s(1)?
2, 3, 5, 11
Let z be (1/(-2))/(1/(-6)). Suppose -z*s + s + 30 = 0. Suppose 0 = -3*o - 2*d + 11 + s, 0 = -o - 5*d. List the prime factors of o.
2, 5
Let g = 3 - 1. Suppose -b - 4*u - 12 = -5*b, 4*u = 0. Suppose -b*z - 45 = -3*f, -z + g*z = -3. List the prime factors of f.
2, 3
What are the prime factors of (0 - -5)*(-1638)/(-65)?
2, 3, 7
Let n = 44 - 8. What are the prime factors of n?
2, 3
Let k(j) = 4*j**3 - 2*j**3 + j**2 - 2*j**2 + 1. Let r be k(-1). What are the prime factors of 0 - -1*(4 + r)?
2
Suppose 5*z = 3*z - 4*a - 46, 11 = -z - 5*a. Let n = z + 21. Let x = 20 + n. List the prime factors of x.
2, 5
Let o(g) = -g + 140. Let v be o(0). Suppose -v - 68 = -4*r. Suppose -p + 0*k = -k - 13, -4*p = -5*k - r. List the prime factors of p.
13
Suppose 3*t = -t. Suppose -3*c - 2*c + 35 = t. Let x = c + 1. What are the prime factors of x?
2
Let b(x) = 3*x - 3. Let a be b(2). Suppose -a*l + 185 = 2*l. Suppose -3*i - 2*i = j - l, 5*j = 10. What are the prime factors of i?
7
Suppose 5*n = 131 + 289. List the prime factors of n.
2, 3, 7
Suppose 23 = -2*y + 157. Suppose -3*i = 2*s - y, 42 = 3*i - 5*s - 11. List the prime factors of i.
3, 7
What are the prime factors of (-3)/(-3)*(4 - -13)?
17
Let i = -10 - -20. What are the prime factors of 1*(-3 - (0 - i))?
7
Let y = 7 - 4. Suppose 2*h - 3*u - 23 = 0, -2*h + 0*u = y*u - 29. What are the prime factors of h?
13
Suppose -3*k - 1 = 2. Let p be -1 + 5 - (0 - k). Suppose -14 - 10 = -p*l. List the prime factors of l.
2
What are the prime factors of 11/(-77) + 1458/14 + -2?
2, 3, 17
Suppose p = 5*p - 60. Let u = p - 6. List the prime factors of u.
3
Let y = 21 - 1. Let f = -5 + y. What are the prime factors of f?
3, 5
Suppose -2*l = -6*l - 88. Let c = l - -34. List the prime factors of c.
2, 3
Let j = -2 + 22. What are the prime factors of j?
2, 5
Let q be -2*7/2 - -2. Let o(j) = -j**2 - 3*j - 4. Let b(r) = r**2 + 2*r + 4. Let c(g) = 5*b(g) + 6*o(g). List the prime factors of c(q).
11
Let r = 24 + 11. Let n = r - 18. What are the prime factors of n?
17
Let f = -33 + 47. Suppose -4*z + 50 = 2*w, -w + f = z + w. What are the prime factors of z?
2, 3
Let v(o) = o**3 + 7*o**2 + 4*o - 8. List the prime factors of v(-6).
2
Suppose 0 = 2*l - 10 - 0. Suppose 4*z - b + 6*b = 60, l*z - 75 = 2*b. List the prime factors of z.
3, 5
Let s = -139 - -250. List the prime factors of s.
3, 37
List the prime factors of (5 - 5) + 2*13.
2, 13
What are the prime factors of (3/4)/(2/(-1872)*-6)?
3, 13
Let f(n) = -9*n**3 - n**2 - 2*n - 1. Let z(s) = -s**2 + s - 1. Let q(a) = -a**2 - 4*a + 6. Let y be q(-5). Let w be z(y). List the prime factors of f(w).
3
Suppose 13 = 5*q - 7. Suppose 0 = q*m - 5*w - 24 - 7, -2*w - 2 = m. What are the prime factors of m?
2
List the prime factors of (-3)/(2622/660 + -4).
2, 5, 11
Suppose -48 = -5*m + 42. What are the prime factors of (m/(-15) - -2)*5?
2
Let r(y) = 2*y. Let s be r(2). Suppose s*j - 5*p - 5 = 27, j = 4*p + 19. List the prime factors of j.
3
Let v(x) be the first derivative of x**5/30 + x**4/4 + x**2 + 2. Let u(c) be the second derivative of v(c). What are the prime factors of u(-4)?
2
Let x be 2 + (1 - (0 + 0)). Let w be 8 + 3/x + 0. Suppose 2*h = -6, -w = -u + 3*h + 2. What are the prime factors of u?
2
Let c(r) = -r**2 - 22*r + 10. What are the prime factors of c(-16)?
2, 53
Let f(v) = v + 1. Suppose 5 = s - 0. Suppose -5*r + 11 + s = x, 2*x + 10 = 4*r. What are the prime factors of f(x)?
2
Suppose 0 = 3*m - 3*s - 122 - 100, 3*m + s = 202. List the prime factors of m.
3, 23
Suppose s + 6 - 10 = 0. Suppose 146 = s*c - 10. List the prime factors of c.
3, 13
Suppose -3*c - 4 - 8 = 0. Let n(h) = -7*h - 9. List the prime factors of n(c).
19
List the prime factors of 209 + -1 + 0 + -5.
7, 29
Suppose -k - 8 = 50. Let b = 82 + k. List the prime factors of b.
2, 3
Let c be 1*2 - 1/(-1). Let f = c - 5. What are the prime factors of (-16)/3*3/f?
2
Suppose 2*n + 3*n - 55 = 0. Suppose -3